4969 and 1508.
29
Calculate the greatest common divisor of 87 and 110880456.
87
Calculate the highest common divisor of 73519615 and 16445.
1495
What is the greatest common divisor of 1675755 and 324?
27
Calculate the highest common divisor of 139119 and 16669.
79
What is the highest common factor of 4043 and 643799234?
4043
What is the greatest common factor of 1597374 and 918?
54
Calculate the greatest common factor of 8754 and 35436.
6
What is the greatest common divisor of 53 and 187044791?
53
What is the greatest common divisor of 1012 and 3501212?
44
What is the highest common divisor of 5896 and 2154184?
536
What is the greatest common divisor of 363946910 and 1940?
970
What is the greatest common factor of 138 and 170196?
6
Calculate the greatest common divisor of 22149024 and 672.
96
What is the highest common divisor of 1919 and 87913?
19
What is the greatest common divisor of 66112 and 4573091?
1033
Calculate the greatest common divisor of 1043 and 567168.
7
Calculate the greatest common factor of 644200 and 1304.
8
Calculate the highest common factor of 3046098 and 33.
33
What is the greatest common divisor of 644521 and 18383?
31
What is the greatest common factor of 610254 and 4374?
162
Calculate the highest common factor of 310387 and 443758.
203
What is the greatest common factor of 13462145 and 12125?
485
Calculate the highest common divisor of 75297 and 1691.
19
Calculate the highest common factor of 21913 and 2873.
17
Calculate the greatest common divisor of 209 and 14935976.
209
What is the greatest common divisor of 37329 and 368?
23
What is the greatest common divisor of 217143 and 1759173?
3147
What is the greatest common factor of 14 and 100642?
2
What is the highest common factor of 1456548 and 339?
3
Calculate the greatest common divisor of 6617586 and 5757.
57
What is the greatest common factor of 29770342 and 49?
49
What is the greatest common factor of 64 and 42976208?
16
What is the greatest common divisor of 1316832 and 2030976?
4128
What is the highest common divisor of 33271524 and 39?
39
Calculate the highest common divisor of 12430 and 1270.
10
What is the greatest common divisor of 1313 and 106975362?
1313
What is the greatest common factor of 10681 and 4051762583?
10681
Calculate the greatest common factor of 6086 and 975768380.
6086
Calculate the highest common divisor of 22026 and 10191.
3
What is the greatest common factor of 1536434 and 574?
82
Calculate the highest common factor of 58 and 61394.
2
Calculate the highest common divisor of 8 and 4354011312.
8
Calculate the greatest common factor of 121 and 1041746475.
121
Calculate the greatest common divisor of 48378550 and 10.
10
What is the greatest common factor of 169297 and 58697?
79
What is the greatest common divisor of 62317118 and 2?
2
Calculate the highest common divisor of 3028 and 71684.
4
What is the greatest common factor of 3676 and 5880?
4
Calculate the greatest common divisor of 558920356 and 12104.
6052
What is the greatest common factor of 21 and 44481423?
21
Calculate the highest common divisor of 26 and 82482023.
13
Calculate the highest common divisor of 749827 and 7891.
13
Calculate the greatest common divisor of 15755481 and 22372.
5593
Calculate the greatest common divisor of 76 and 8776461.
19
What is the highest common factor of 545224 and 10982?
646
Calculate the highest common factor of 469856 and 4096.
32
Calculate the greatest common factor of 23732511 and 165.
33
What is the greatest common factor of 968296 and 12593?
7
Calculate the highest common divisor of 11640 and 70422.
582
Calculate the highest common factor of 108 and 257211.
9
What is the greatest common divisor of 136 and 312803944?
136
Calculate the highest common factor of 186953 and 25.
1
What is the greatest common divisor of 2 and 916627?
1
What is the highest common factor of 177450 and 55550?
50
What is the greatest common divisor of 36460 and 4540?
20
Calculate the greatest common factor of 1940120 and 548744.
2296
Calculate the highest common factor of 12 and 116352534.
6
Calculate the highest common factor of 3709302 and 6.
6
Calculate the highest common factor of 1628 and 410740.
44
What is the highest common factor of 45 and 120093201?
9
Calculate the greatest common divisor of 216 and 121640.
8
What is the highest common divisor of 1807 and 3128333?
13
What is the greatest common factor of 3362593 and 141804?
1313
Calculate the highest common factor of 20574 and 3127756.
254
What is the highest common factor of 40142186 and 112?
14
What is the greatest common factor of 2081977 and 13659?
157
Calculate the highest common divisor of 5664 and 240096.
96
What is the highest common divisor of 131494 and 23629166?
3058
What is the highest common divisor of 72807382 and 1538?
1538
What is the greatest common divisor of 9671 and 126806?
19
Calculate the greatest common factor of 23130382 and 33.
11
Calculate the greatest common factor of 2711334 and 981.
3
Calculate the highest common factor of 38164 and 87638.
58
What is the greatest common factor of 113145 and 545875?
1985
What is the highest common divisor of 1335 and 15630447?
267
Calculate the highest common factor of 844502 and 744.
62
Calculate the highest common divisor of 36604845 and 15.
15
What is the highest common divisor of 62643 and 86317?
133
What is the highest common divisor of 85 and 281724?
17
What is the greatest common factor of 19243 and 6167?
7
Calculate the highest common divisor of 770180380 and 2082.
694
What is the greatest common divisor of 7376 and 14086316?
1844
Calculate the highest common factor of 2361177 and 7189.
91
What is the highest common divisor of 1672442 and 430?
86
What is the highest common divisor of 258273315 and 225?
45
What is the highest common divisor of 911907 and 81?
9
Calculate the greatest common divisor of 13461 and 36265857.
1923
Calculate the greatest common factor of 15994 and 24002.
22
What is the highest common divisor of 333 and 97470?
9
What is the highest common factor of 8719531 and 9?
1
What is the greatest common factor of 369962978 and 14?
14
Calculate the highest common divisor of 122 and 216452034.
122
Calculate the greatest common factor of 168 and 28009646.
14
What is the greatest common divisor of 96 and 16996296?
24
Calculate the highest common factor of 12010530 and 8505.
105
Calculate the greatest common factor of 11774 and 19166854.
406
Calculate the highest common factor of 290 and 25829230.
10
Calculate the highest common factor of 3132 and 982944.
36
What is the highest common divisor of 5893 and 249415?
83
Calculate the highest common divisor of 55616 and 14587192.
632
Calculate the highest common factor of 30753051 and 357.
357
What is the highest common factor of 7163535 and 915?
915
What is the highest common factor of 2750 and 3021425?
275
Calculate the greatest common divisor of 142139 and 20677484.
7481
What is the highest common divisor of 185868 and 23220?
108
What is the greatest common divisor of 45986 and 462?
2
Calculate the greatest common factor of 52357520 and 3660.
1220
What is the greatest common factor of 6015 and 110330739?
1203
What is the greatest common factor of 523 and 5479994?
523
What is the highest common factor of 4819 and 250035?
79
Calculate the highest common factor of 1890 and 624375.
135
What is the highest common divisor of 62 and 29762108?
62
Calculate the highest common factor of 5415487 and 1113.
371
What is the highest common factor of 667233 and 4284?
1071
Calculate the greatest common factor of 788 and 288945022.
394
Calculate the greatest common factor of 579852 and 11256.
84
Calculate the greatest common divisor of 67334785 and 940.
235
What is the greatest common divisor of 7454327 and 513?
19
Calculate the highest common factor of 1345335 and 480.
15
Calculate the greatest common factor of 3868256 and 152096.
1568
Calculate the highest common factor of 133344 and 144576.
288
What is the greatest common factor of 4200 and 8029560?
840
Calculate the greatest common divisor of 16405 and 120550502.
3281
Calculate the greatest common divisor of 456576 and 34464.
96
What is the highest common divisor of 604702 and 1316?
658
What is the highest common factor of 13 and 8908718?
13
Calcula